-7).
-4
What is -1 + -6 + (8 - 2)?
-1
Calculate 9 + -2 + -13 - (2 - 6).
-2
2 + (-4 + 4 - 1)
1
Evaluate 7 + (0 + 6 - 10).
3
0 + 1 + -10 + 18 + -13
-4
-12 + (2 - -4) + 12
6
What is -185 - -189 - (0 - -11)?
-7
Evaluate -5 - (0 - -2) - -3.
-4
6 + -5 - (3 + -3)
1
What is 2 + 4 + 1 - (3 + 0)?
4
What is the value of (4 + 0 - 6) + -2?
-4
Calculate (4 - 14) + 2 + 3 + 4.
-1
What is the value of -3 + 15 + 4 + -3 + -7?
6
Evaluate -2 - (-4 - (-7 + 3)).
-2
What is the value of -3 - 1 - (2 + -2)?
-4
(8 - -6) + -14 + -2
-2
What is 4 + (-2 - 5) - -1?
-2
6 - (5 + (-6 - -9))
-2
Evaluate (7 - 1) + 13 + -16.
3
Calculate -10 - (-5 + 7 + -11).
-1
What is 2 - (11 - 6) - -13?
10
Evaluate 35 + -29 - (3 + -3 + 0).
6
What is the value of 2 - 7 - (2 - 3) - -2?
-2
Evaluate (6 - -1) + 0 + -3 + -5.
-1
Calculate -1 + 0 + (5 - 7) + 1.
-2
-3 - (3 - 5) - -6
5
Evaluate -5 + (-3 - 3) + 12.
1
What is the value of (-1 - -5) + -2 - 5?
-3
What is the value of 1 + -13 + 5 + 5?
-2
What is (0 - -10) + (-133 - -125)?
2
What is the value of -2 + (7 - (2 - 0))?
3
Evaluate (-5 - (9 + -8) - -5) + 6.
5
9 - 6 - 1 - 2
0
Evaluate 8 - ((1 - -1) + 1).
5
Evaluate 2 + (-1 - -3 - 4).
0
Evaluate -7 + 5 - 0 - (1 + -5).
2
What is 0 + -1 + (18 - 19)?
-2
-1 + (-4 - (-2 + -10 + 4))
3
Evaluate 102 + -115 - (1 - 12).
-2
What is the value of -2 + 8 + -7 + -5?
-6
Evaluate (-4 - (-5 - 0)) + 2 - 4.
-1
Calculate -1 + -4 + (-3 - -10).
2
Evaluate -11 - -5 - -1 - -7 - 3.
-1
11 - 5 - 4 - -4
6
2 + (-14 - (-4 + 1)) - -4
-5
-2 + 1 + 3 + (0 - 5)
-3
What is the value of -5 - (0 + 4 - (1 - 1))?
-9
Calculate -7 + 2 + (5 + 2 - 3).
-1
Calculate (4 + -5 - 4) + 4 - -4.
3
0 + (0 - (-1 - (-6 - 1)))
-6
Calculate -1 + 4 + (-7 - -10).
6
Evaluate 5 - ((-10 - -12) + -1).
4
What is the value of (4 - 3) + -4 - 3 - 0?
-6
What is the value of 3 - (-15 + 9) - 7?
2
Calculate (5 + -6 - -4) + 4.
7
Calculate -1 + -4 + 3 + 6 + 5.
9
Evaluate 14 - (23 + -4) - (1 - -3).
-9
What is 10 + (10 - 20) + (0 - -2)?
2
Evaluate -3 - (0 - (3 + -3)).
-3
Evaluate (30 - (-8 + 20)) + -11.
7
Calculate 2 + 0 + -5 + -2.
-5
-4 + -3 + -14 + 21
0
What is -1 - (-1 + (2 + 2 - 2))?
-2
Evaluate -2 - -6 - (2 - (-2 - -2)).
2
What is -8 - -10 - ((-2 - -1) + 5)?
-2
What is -4 - (-8 + 5) - -1?
0
What is 0 - (-3 + 1) - (3 + -2)?
1
Evaluate (-9 - -4) + 4 - -1.
0
What is the value of -2 + 4 + -11 + 2?
-7
What is the value of 0 + (-9 - 4) + 8?
-5
Evaluate -87 - -85 - (6 + 0 + -1).
-7
What is 9 + (-2 - -5) - 10?
2
Evaluate -4 - (-1 + 4 + 4 + -7).
-4
-2 + (-2 - 1 - -10)
5
Evaluate 8 - (-8 + 26 + -8).
-2
-1 + 1 - (37 - 34)
-3
What is 3 - (4 - (-4 + 6))?
1
Calculate 3 + -6 + 7 + 4.
8
-8 + 5 + (0 - 1)
-4
What is 19 - 22 - (-4 - (-4 + 2))?
-1
What is -7 + 2 + 9 + 0?
4
What is the value of 1 - 8 - ((27 - 14) + -13)?
-7
Evaluate -5 - ((5 - 7) + 2).
-5
What is the value of -11 + 6 + 13 + -3?
5
Calculate -11 - (-6 + 9 - 9).
-5
2 + 8 + -4 - (-9 - -11)
4
Evaluate 6 - (16 - (0 - -5)).
-5
Evaluate 10 + -26 + 3 - -6.
-7
What is the value of -42 + 50 + (1 + 1 - 6)?
4
What is 0 - -1 - (-8 + 3 + -1)?
7
What is the value of 0 - ((6 - (7 - 1)) + 6)?
-6
What is the value of (40 - 33 - (1 - 4)) + 0?
10
What is the value of 0 + 3 - 2 - (-4 - -1)?
4
Evaluate (-2 - -11) + -18 + 3.
-6
-2 + -1 + 9 + (-1 - 1)
4
What is the value of -11 + 6 + -3 + (-7 - -11)?
-4
Calculate (-1 - -7) + (-61 - -45).
-10
What is -16 + (-11 - (-27 + 9))?
-9
Evaluate 2 + -1 - (-3 + -10 - -9).
5
What is 2 + 0 + 4 + (-16 - -14)?
4
What is -3 - ((-1 - -2 - 4) + -8)?
8
Calculate (-1 + -1 - 2) + 5 + 6.
7
-8 - -9 - (-7 + 4 - 2)
6
Calculate -2 + -10 + 11 + 0.
-1
Evaluate 0 - -5 - (-45 + 48).
2
What is (0 - 1 - 4) + -2 - -2?
-5
Evaluate 2 + -3 + -4 + 1.
-4
Evaluate -18 - -16 - (9 - (-2 + 3)).
-10
What is the value of 9 + -12 + (-1 + 3 - -4)?
3
Calculate 5 + (3 - 12 - -3).
-1
(18 - (-1 + -4 + 11)) + -3
9
-4 - ((-15 - -6) + 11)
-6
What is the value of -8 + 2 + -1 + 9?
2
-1 - 5 - (-24 - -16)
2
What is the value of (-4 - 3) + 10 - (-3 + 2)?
4
Evaluate 5 + (3 - 7) + -2.
-1
What is -4 - (0 - -2 - 7)?
1
(-1 - (-1 + -2)) + (-9 - -2)
-5
Evaluate 4 + (-5 - (-1 - 1)) - -1.
2
Evaluate 2 - (0 + (-6 - (4 - 9))).
3
What is (3 - -1) + -8 + 1 + 0?
-3
Evaluate 1 + 3 - (3 - (2 - 1)).
2
Calculate -9 - (-8 + 9 + -4 + 0).
-6
What is -6 - (-2 + -5 - 0)?
1
Calculate -1 - (-4 + 2 + 1).
0
8 - (-10 - -3 - (-12 - -2))
5
Calculate -24 + 33 + (-11 - -2).
0
Calculate -2 - 2 - 5 - (5 + -9).
-5
Evaluate (0 - 4) + 3 + (3 - 9).
-7
Evaluate (-3 - -3 - 0) + 9 + -15.
-6
What is (-4 - -1) + 0 - 1?
-4
Evaluate 10 + -5 + -5 + -2 + 5.
3
Evaluate 0 + 3 + -4 + 4 - 7.
-4
What is (3 - 12) + 8 + -5?
-6
What is (1 - -2 - 0) + -4?
-1
Calculate -1 - -2 - 1 - (-19 - -23).
-4
What is 1 + -2 + 2 + -3?
-2
5 - (1 - (-3 + 0))
1
What is the value of 11 - (-7 - (-11 + -3))?
4
Calculate -8 + (15 - -1) + -27 + 22.
3
What is 7 + -7 - (2 + 0 + -1)?
-1
Evaluate -2 + -4 + 4 + -3.
-5
Evaluate (-5 - 2) + (2 - -8).
3
What is the value of (-9 - -7 - 5) + (16 - 2)?
7
1 - (-1 + 5) - (0 + -4)
1
What is the value of (-8 - -6 - -6) + 1 + 1?
6
What is the value of -5 - 3 - (-1 + -4 - 0)?
-3
What is the value of -1 - (-6 + (1 - 1))?
5
What is -7 - 6 - (-5 + 0)?
-8
What is 0 - (-6 + 1 + 7)?
-2
-10 - (-4 - 0) - (-3 + -2)
-1
What is -1 - -1 - (-3 - -1) - 1?
1
What is -105 + 104 + (-5 - 1)?
-7
Evaluate -7 - (-4 + (-3 - 3)).
3
What is the value of 2 - (-4 + (-1 - -3))?
4
Evaluate 8 - (1 - (-7 + 6) - 3).
9
Evaluate 4 + -1 + (1 - (6 + 5)).
-7
(0 - (3 + -8)) + -5
0
What is the value of (1 - (-3 - 2)) + -7 - -7?
6
What is the value of -10 - (-8 - (3 + -5))?
-4
(-3 - (0 + 0)) + -2
-5
What is -23 - -25 - (1 + 0 + 2)?
-1
What is the value of -2 - (-1 + -2 - -5) - -3?
-1
-1 + -2 + -4 - -2
-5
What is (-4 - 6) + 8 + (0 - -8)?
6
Calculate -11 + (10 + 18 - 9).
8
7 + 1 + (9 - 10)
7
7 + (-2 - -2) + -1
6
Calculate -2 - (-11 + 2) - (-17 - -19).
5
Evaluate -1 - (-1 + 2 - 4).
2
What is -1 - -4 - (23 - 22)?
2
What is -11 - (-2 - 5) - 0?
-4
Calculate -29 - -26 - (-2 - 7).
6
Evaluate (7 - 18) + 4 + -2 + -1.
-10
What is the value of -4 - (4 - (-6 + 3 + 6))?
-5
Evaluate 4 - ((4 - 1) + 6 + -3).
-2
What is -10 - -8 - (1 - 4)?
1
What is the value of -3 + (-3 - -15) + -4?
5
What is 3 + (-7 - (-1 + 1)) + 1?
-3
1 - 3 - (-1 - (7 + -1))
5
Evaluate -1 + 1 + (2 - 2).
0
What is the value of 0 - 9 - (-10 - -4)?
-3
What is the value of -10 + 2 + (-3 + 2 - -6)?
-3
What is -5 - (3 + -5 + -2)?
-1
What is (3 + 0 - 1) + 5 + -3?
4
What is the value of 3 + -1 - (4 - 5 - -7)?
-4
What is the value of 3 - ((0 - (-3 - -1)) + -4)?
5
Evaluate 60 + -61 + (-6 - -1).
-6
Calculate 0 + -3 + (1 - 5) + 4.
-3
-1 - ((2 - 0) + -2) - 0
-1
What is 3 - (1 - -2) - -2?
2
Calculate -5 + -4 + (-3 + 7 - 2).
-7
What is the value of -2 - (-1 + (3 - -1))?
-5
Evaluate (2 + 0 - -1) + (-34 - -30).
-1
What is the value of 4 + (-6 - (3 + -3))?
-2
What is the value of 15 + (-29 - -14 - -4)?
4
(4 - (3 + -2)) + -4
-1
Calculate 4 + 2 + -1 - (-2 - -4).
3
What is (-8 + 4 - -6) + 0?
2
Calculate -5 + 5 + 0 + 0.
0
What is the value of -1 + -4 + 9 - 4 - -2?
2
Calculate -2 + ((5 - 2) + -7 - -1).
-5
Calculate 4 - (3 - (-5 + -2 + 6)).
0
What is -3 + 2 - (-1 + 2)?
-2
Calculate 4 + (2 - 14 - -6) - -4.
2
Evaluate (-3 - -1) + 4 + -37 + 41.
6
Calculate 12 + -8 - (2 + -5).
7
Calculate 2 - (-10 - -1) - 9.
2
What is the value of -6 + 9 + (6 - 5 - 5)?
-1
Calculate 3 - 8 - (-1 + 0 + -5).
1
Evaluate (-8 - 1) + 5 - 1 - -1.
-4
What is the value of 21 - 9 - (1 + -2 + 5)?
8
2 - (-4 + 4 + 0 + -3)
5
What is -3 + (-4 - -10 - 3)?
0
What is the value of -2 + -3 + 4 - (2 + 2)?
-5
What is (11 + -10 - (0 - 5)) + -8?
-2
Calculate -4 + (3 - 2) + 7 + -11.
-7
Evaluate 0 - (3 - ((1 - 2) + -2)).
-6
0 + (5 - 5 - 2)
-2
What is the value of 3 + (-9 - -4) + 7?
5
Evaluate 1 - -5 - (-3 - -8).
1
(1 + -6 - (-21 + 12)) + 4
8
-9 - (-1 - (6 - 3))
-5
What is the value of (4 - -15 - 3) + (35 - 43)?
8
What is the value of 11 + -5 - (-4 + 8)?
2
What is 2 - (-2 + 2 - (-1 - 0))?
1
Evaluate -1 + -5 - -7 - 3.
-2
Evaluate 1 + 3 + -14 + 6.
-4
Calculate (0 - -3) + 1 - 6.
-2
Evaluate -1 + -2 + -6 - -2 - 1.
-8
Calculate 1 - ((-1 - 4 - -9) + -3).
0
What is the value of -23 + 17 + (-2 - -7)?
-1
4 + (-2 - 7) + 3
-2
What is the value of (6 - 10 - -12) + -3?
5
Calculate 2 + (0 - 1) + 0.
1
What is -7 + (9 - 1) + 3?
4
Calculate -4 + 11 + 1 - 3.
5
9 + 1 + -6 +